- d + 12, -5*d + 24 = -a. Determine g(a).
2
Let g(p) = 10*p**3 - 8*p**2 + 14. Let q be -14*1/6*3. Let o(s) = 7*s**3 - 5*s**2 + 9. Let c(f) = q*o(f) + 5*g(f). Give c(5).
7
Let x(l) be the third derivative of l**5/60 - 7*l**4/24 + 7*l**3/6 - l**2. Suppose -k + 13 = -a, 5*k - 37 - 24 = a. Let m = 17 - k. What is x(m)?
-3
Let c(z) = -z**3 - 8*z**2 - 7*z + 4. Let o be -14*(2/10)/((-6)/(-15)). What is c(o)?
4
Let x(d) be the third derivative of 0 + 0*d - 1/2*d**3 - 5/24*d**4 - 2*d**2 - 1/60*d**5. What is x(-5)?
-3
Suppose 2*y + 2*y - 28 = 0. Suppose 2*w + 3 = y. Let s(o) = 9 - w*o**2 - o**3 - o - 2 - 2*o**2 + 7*o. Determine s(-5).
2
Suppose 0 = -2*n + w - 3, -4*n = -5*n + 5*w + 3. Let b(m) = m + 2 - 2*m**2 - 3*m + 3*m. Give b(n).
-8
Suppose -c + 3*c = 6. Let n(s) = -s**c + 2*s**3 - s**2 + 2*s - 4*s - 4. Let j(t) = 2*t**2 + 2*t - 1. Let i be j(1). Determine n(i).
8
Let j be (-6)/39 - (-335)/65. Let c(w) = 4*w - 2*w - 3*w - 44 + 40. Give c(j).
-9
Let w(z) = -z**2 + z - 7. Let d(f) = -2*f**2 + 2*f - 14. Let o be (-12)/(-10)*10/4. Let h(g) = o*d(g) - 5*w(g). What is h(0)?
-7
Let m(g) be the second derivative of g**3/3 + g**2/2 + 2*g. Let h(j) = 4*j + 2. Let o(b) = 3*h(b) - 7*m(b). Suppose 5*c - 17 = 3. Calculate o(c).
-9
Let m(r) = r - 4. Suppose n - u = -n - 20, u - 29 = 3*n. Let s = -4 - n. Calculate m(s).
1
Let s(x) = 8*x**2 + 18*x - 8. Let h(w) = 3*w**2 + 6*w - 3. Let l(a) = 11*h(a) - 4*s(a). Let g be 1*(3 + 0)/3. Suppose 0 = 5*z - 29 - g. Give l(z).
-1
Let a(y) be the second derivative of 2*y**3/3 + 33*y. Give a(-5).
-20
Let c(w) = w**3 + w**2 + 1. Let a be 7/21 + (-5)/(-3). Let g(p) = -8*p + 3*p**3 - 3*p**a - 9*p**2 - 10 - 9*p**3. Let d(x) = -5*c(x) - g(x). What is d(-6)?
-7
Suppose g - 4*t + 4 = 5*g, -19 = -5*g + 2*t. Let p(m) = -2*m**3 - 2*m**g + 5*m**3 + 3 - 4*m - 2*m**2. Let y be (30/(-20))/(1/(-2)). What is p(y)?
0
Let o(x) = -x**3 + 4*x**2 - x - 3. Let q = -3 + 6. Suppose -z + 2 = -j, -6*j + 18 = 5*z - q*j. Let a = 0 + z. Determine o(a).
3
Let p be 9*(-3)/9*1. Let y = p + 7. Let k(r) = 2*r. Calculate k(y).
8
Let r(z) = z**2 + 3*z + 5. Let q(y) = y**2 - y. Let d(b) = -2*q(b) + r(b). Let t(h) = h - 10. Let o be t(11). Let w be (-4)/(-8)*o*12. What is d(w)?
-1
Let r(c) = -c. Let s(x) = -x + 2. Let d(b) = -b - 1. Let p(l) = -3*d(l) - s(l). Let y(g) = -p(g) - 3*r(g). Determine y(-4).
3
Let h(d) = -d**2 - 2*d + 1. Suppose 0 = -4*s + 6 - 14. What is h(s)?
1
Suppose -5*l + l = 0. Let i = -2 + 4. Let a(x) = -x - 2*x**2 + 0*x**2 + 6*x**i + l*x - x**3. Give a(3).
6
Let p(z) be the first derivative of -2*z**2 - z - 1. Give p(1).
-5
Let i be (-21)/4 + (-3)/(-12). Let g(h) be the second derivative of 6*h + 0 + 5/2*h**2 + 1/6*h**3. Give g(i).
0
Let c(r) = -2*r**2 + 7 - 3 - 2 + r**2. What is c(2)?
-2
Let f(c) = -c**3 + 8*c**2 - 11*c + 8. Let m(x) = -3*x**3 + 17*x**2 - 23*x + 15. Let r(v) = -5*f(v) + 2*m(v). What is r(-7)?
-24
Let r(g) = -13*g - 6*g**2 + g**3 - 15 - 27 + 23 - 7*g**2. What is r(14)?
-5
Let j(x) = 0*x + 12 + 8 + 2*x - 16. Calculate j(-5).
-6
Let u be (-39)/(-3)*(-2 + 1). Let i = u + 7. Let x(h) = -4 + 0 - 4 - 2*h. What is x(i)?
4
Let t(c) = -8*c**3 + c**2. Suppose -7*o = -2*o + 30. Let m(i) = -i**3 - 6*i**2 + i + 5. Let u be m(o). Determine t(u).
9
Let h(s) = 0 + 1 - 1 + 1 + 5*s. Let r = 1 + -2. What is h(r)?
-4
Let u be 36/10 + (2 - (-78)/(-30)). Let b(x) = 3*x + 1. Let z(n) = -6*n - 3. Let o(m) = -9*b(m) - 4*z(m). What is o(u)?
-6
Let n = -1 - -4. Suppose 0*u + 10 = 5*u. Let c(v) = 1 + u + 4*v - n*v. What is c(4)?
7
Let y = 4 - 9. Let w(d) = 4*d + 7. Let g(s) = -5*s - 8. Let c(v) = y*g(v) - 6*w(v). Calculate c(3).
1
Suppose -5 = 4*w - 13, 4*s - 4*w - 8 = 0. Let r(z) = -z**2 + 3*z + 3. Determine r(s).
-1
Let t = -7 + 20. Suppose -t = -3*w - 1. Let d(c) = -c - 10*c + 2*c**3 + 6*c - c**3 - w*c**2. Calculate d(5).
0
Let o(q) = -q**3 - 5*q**2 + 7*q + 5. Suppose -a + 0*a = 6. Calculate o(a).
-1
Suppose 5*j + 3*o - 45 = 0, 3*j - 8 = o + o. Let t(x) = -4*x - 13. Let g(m) = -2*m - 7. Let u(s) = -7*g(s) + 4*t(s). Determine u(j).
-15
Let u(y) = -y**3 - 11*y**2 + 12*y + 2. Let r(d) = -d**3 + d + 1. Let g(n) = -2*r(n) + u(n). Give g(10).
0
Let q(i) = -2*i**3 + 2*i**2 + 2 - 5*i + 3*i**3 - 5. Let u be (-2)/((-28)/8 + 4). Let b(s) = -s**2 - 2*s + 5. Let n be b(u). Give q(n).
3
Suppose 3*f + 20 - 53 = 0. Let b = 11 - f. Let r(q) = q - 11. Give r(b).
-11
Let m = -3 - 2. Let q be ((-12)/(-10))/((-2)/m). Let u(x) = -x**2 - x + 2. Determine u(q).
-10
Let b(m) = -4*m**2 - 4*m - 2. Let c(g) = -g**2 - g - 1. Let q = -5 + 6. Let x(r) = q*b(r) - 3*c(r). Give x(-3).
-5
Let f(u) = -u + 6. Let c = 9 + -5. Suppose 0 = c*q + 2*l - 28, 0 = -2*q - 2*l + 18. Let z = 5 - q. What is f(z)?
6
Let n(o) = -o**2 + 2*o - 7. Let t(d) = d**2 + d. Let h(v) = -n(v) - 2*t(v). Let a(z) = -6*z + 1. Let q be a(1). Determine h(q).
2
Suppose 0 = -5*z - 0 - 10. Let v(b) = 3*b**2 + 2*b - 2. What is v(z)?
6
Let f = 5 + -2. Let d(u) be the second derivative of -u**8/6720 + u**7/1260 + u**6/240 - u**4/4 + u. Let c(k) be the third derivative of d(k). Determine c(f).
0
Let p(i) = 2*i**2 - 4*i - 1. Let j be p(3). Suppose 3*c - j = 7. Let n(f) = c*f**2 + 3*f**3 - 4*f**3 + 8*f - 2*f - 3 - 2. What is n(5)?
0
Let w(c) be the third derivative of c**5/60 - 7*c**4/24 + c**3 - 47*c**2. What is w(6)?
0
Let r(w) = -15*w**3 + 18*w**2 - 16*w + 13. Let k(s) = 7*s**3 - 9*s**2 + 8*s - 6. Let y(j) = -13*k(j) - 6*r(j). Calculate y(8).
0
Let x be 4 + -6 + 4 + -4. Let s(c) = -2*c**2 - 2*c + 2. Calculate s(x).
-2
Let j(r) = -r**2 - 2*r + 3. Suppose 2*w = 8, -3*w = t + t - 16. Calculate j(t).
-5
Let y(c) = c + 3. Let o(a) = 6*a**3 - a**2 + a - 1. Let l be o(1). Let i be (-38)/4*(3 - l). Suppose v + 0 + 1 = -5*b, 0 = -5*v - b + i. What is y(v)?
7
Let u(p) be the third derivative of -p**5/60 + p**4/24 - 58*p**2. What is u(3)?
-6
Let q(l) = -l**3 - 5*l**2 - 3*l + 3. Let u be 3/(-3) + 1*-3. Determine q(u).
-1
Suppose -7 = 2*s - s + 3*j, 3*s + 3*j = 3. Let o(k) be the second derivative of 3/20*k**s - 1/2*k**2 + 4*k - 1/12*k**4 - 1/6*k**3 + 0. What is o(-1)?
-4
Let r(j) = j**2 - j - 1. Let x be 2*(-6)/4 - -7. Give r(x).
11
Let d(g) = -7*g**3 + 2*g**2 - g. Let a(h) be the first derivative of -h**2 + h + 4. Let y be a(-3). Let i = 8 - y. Determine d(i).
-6
Suppose 6 + 69 = 5*s. Suppose -2*h + 7*h = -s. Let n(t) = t - 3. Let r(i) = -i + 3. Let j(q) = -3*n(q) - 4*r(q). What is j(h)?
-6
Suppose 2*m - 4*y - 10 = 0, -3*m - 4*y - 21 = -y. Suppose -5*p + 10*p = 0. Let v(f) = p + 4 - 2*f - f**2 + 0. Determine v(m).
1
Let y(i) be the first derivative of -i**4/4 - 2*i**3/3 + 3*i**2/2 - 4*i - 6. Let b be 5/(-1) + 6/3. Calculate y(b).
-4
Let c(h) = 6*h**3 + h**2 - h - 1. Suppose -10*m + 7*m = 3. Give c(m).
-5
Let c be (-36)/8*2/(-3). Let y(a) = -a**2 + a + 4. Give y(c).
-2
Let k(i) be the first derivative of i**4/4 - 4*i**3/3 + 3*i - 2. Let d be (-1)/(((-8)/(-2))/(-16)). Determine k(d).
3
Let o = 1 - 5. Let k(q) = q**2 + 4*q + 1. Let z be k(o). Suppose -a + 2*a = z. Let f(p) = 7*p**3 - 1. Calculate f(a).
6
Let h(s) be the first derivative of -2*s**2 + 2*s + 1. Suppose 0 = -2*q + 2*c - 10, -3*q + 5*c = -2*q + 21. Let x be q/(1/2*-1). Calculate h(x).
-6
Let q(m) be the first derivative of -m**2/2 - m - 8. Calculate q(9).
-10
Suppose -5*b + 55 - 17 = -2*r, -r = -b + 10. Let p(s) = 3*s - 3. What is p(b)?
15
Let h(t) = -3*t**2 - 4*t - 5. Let r(s) = -4*s**2 - 3*s - 6. Let i(x) = 3*h(x) - 2*r(x). Suppose 2*k - 3 = 1. Suppose -k*a - 10 = 3*a. Calculate i(a).
5
Let t(b) = 1 + 10 + 6*b - 3 - 5. Calculate t(-2).
-9
Let b(z) be the second derivative of -z**4/12 - z**3 - 2*z**2 - 7*z. Determine b(-5).
1
Suppose 3*f + 4 + 17 = 0. Let y(n) = -10*n**3 + 11*n**3 - 2 + 8*n**2 + 9*n - 2*n. Give y(f).
-2
Let f(o) = -o**2 - 6*o - 1. Let z(m) be the second derivative of m**4/12 - m**3/6 + m. Let y be z(-2). Suppose -4*a + 5*a + y = 0. Give f(a).
-1
Let y(w) be the third derivative of w**6/120 - w**5/60 - w**4/24 - w**3/3 - 7*w**2. Calculate y(2).
0
Let d = -27 - -29. Let f(p) = 2*p**2 - 3*p + 1. What is f(d)?
3
Let y(l) = -l**2 - 6*l - 5. Suppose -5*a = 7*a + 36. Determine y(a).
4
Let l(d) = -3 - d + 0*d + 0. Let h be (1/3)/((-4)/(-24)). Let t be ((-2)/(-1))/h + -5. What is l(t)?
1
Let s be (8/(-12))/((-2)/6). Suppose -8 = s*g, 5 = 4*h - 3*g + 1. Let u(i) =